 1 - 2 = 0. Let m = -42 + 46. Suppose 4*h = -0*h - 5*v + 26, m*h + 3*v - 30 = 0. Calculate the highest common factor of h and j.
3
Suppose -5*q - c + 838 = 0, -3*c - 197 = -2*q + 145. What is the highest common divisor of 8 and q?
8
Let x = 3 - 6. Let a be x + 48/15 + 718/10. Let p(v) = -2*v**3 - 2*v**2. Let n be p(-2). Calculate the greatest common divisor of n and a.
8
Let k be 9 + 0 + 6/(-3). Suppose -1 - 19 = 4*a, -a + 3 = -4*c. Let i be (-4)/(-8) - c/4. Calculate the highest common factor of i and k.
1
Let t(f) = -f**2 - f + 4. Let n be t(4). Let i be ((-27)/6 - -2)*n. Calculate the greatest common factor of i and 40.
40
Suppose -72 = -5*a + 9*a. Let x be 4/a - (-2720)/90. What is the greatest common divisor of 10 and x?
10
Let p(h) = h**2 + 7*h + 10. Let u(a) = 2*a - 3. Let x be u(5). Suppose x + 5 = -2*r. Let c be p(r). Calculate the greatest common divisor of c and 16.
4
Let x be 22/6 - (-8)/24. Suppose -x*a = 27 - 139. Suppose 3*j = -5*v + a, 4*j = -j + 4*v - 15. What is the highest common divisor of 11 and j?
1
Let o be (-294)/15 - 6/(-10). Let n(u) = -u**3 - 18*u**2 + 18*u - 16. Let i be n(o). Calculate the highest common factor of 6 and i.
3
Suppose -2*r - 1 = -5. Suppose 0 = -r*z - m - 3 + 13, -3*z + 1 = -2*m. Suppose -z*k = -3*g - 3, 0 = g + 2*g - 9. What is the highest common divisor of 8 and k?
4
Let x be -3*(-3 + 4 - (-2 - -18)). Let g = 59 - x. What is the greatest common divisor of g and 112?
14
Suppose -8 = -2*y, 2*t + 2*y - 293 - 1015 = 0. Calculate the greatest common factor of 100 and t.
50
Let t(c) = 3*c - 5. Let x be ((-2)/5)/(10/(-50)). Let j be t(x). Suppose 9*n = 4*n + 15. Calculate the greatest common divisor of j and n.
1
Let n(z) = z**3 - 4*z**2 + 3*z - 7. Let c be n(4). Suppose 38 = -3*w + c*w. Suppose 31 = 2*t - 83. Calculate the highest common divisor of w and t.
19
Suppose -5*s - 2*y = -368, -4*s - 3*y = -3*s - 84. Let r(p) = p**2 - 14*p + 8. Let h be r(14). What is the greatest common divisor of s and h?
8
Let a = -7 + 17. Let b(r) = r**2 - 4*r + 9. Let i be b(a). Let j = i + -34. Calculate the highest common factor of 7 and j.
7
Suppose -68*m + 49290 = -6*m. What is the highest common divisor of 75 and m?
15
Let o be (50 + 3 - 7)*(-3)/(-6). Calculate the greatest common factor of o and 207.
23
Let r(a) = a**3 - 5*a**2 + 11*a. Let d be r(5). What is the greatest common divisor of 275 and d?
55
Suppose 4*j - 6*j + 16 = 0. Suppose -7 - j = -3*d, 4*d - 28 = -v. What is the highest common divisor of v and 64?
8
Let v(r) = -9*r. Let h be v(-1). Let c(f) = -f**2 + 8*f + 13. Let u be c(h). Let k be (-6)/3*-1 - -2. Calculate the highest common factor of k and u.
4
Suppose -4*p + 2*u - 4 + 0 = 0, -4*u + 8 = p. Suppose p = -3*x + 2*x. Let f be 1 - 1 - (x - 5). What is the highest common factor of f and 2?
1
Suppose 3 = -6*q + 57. Suppose -3*y = n - 26, -5*n - 5 = -3*y + 27. What is the greatest common factor of q and y?
9
Let f(k) = k**3 + 4*k**2 - 5*k - 5. Let p(v) = 3*v + 14. Let j be p(-6). Let u be f(j). What is the greatest common factor of u and 10?
5
Let b = -22 - -46. Suppose -3*v - v = -b. Calculate the greatest common divisor of 15 and v.
3
Let b = 3 + -2. Suppose -8 = -w + 3. What is the greatest common divisor of w and b?
1
Let n = -63 - -156. Calculate the greatest common divisor of 2697 and n.
93
Suppose 3500 = 13*y + 12*y. Calculate the greatest common divisor of 40 and y.
20
Let z = -321 + 340. Calculate the highest common factor of z and 19.
19
Let j(o) = -o**3 + o**2 + o + 57. Let q be j(0). Suppose -4*a = -3*i - 33 + 209, q = i - a. Calculate the greatest common divisor of 468 and i.
52
Suppose -4*q + 20 = 0, -4*q + 21 = 15*j - 14*j. Let z(b) = b - 1. Let o be z(1). Let v = o - -11. What is the highest common divisor of j and v?
1
Suppose -5*o - 9 = -3*s, -7*s + 8*s - 3*o = 7. Suppose 4*i - 10 = -26. Let w be i - s - 12/(-1). Calculate the greatest common factor of 30 and w.
10
Let i(k) = -2*k + 20. Let u(a) = a + 1. Let j(x) = i(x) + 3*u(x). Let r be j(7). What is the greatest common divisor of 12 and r?
6
Let a = -701 - -704. Calculate the greatest common factor of a and 576.
3
Let y = 25 - -6. Let n(j) = j**2 - 3*j + 15. Let w be n(9). Suppose -p + 148 = -w. What is the highest common factor of p and y?
31
Let k(y) = 12*y - 113. Let p be k(14). What is the highest common divisor of 55 and p?
55
Let o = 101 - 71. Let r = o - 5. Let g be 3*1*400/12. Calculate the greatest common factor of g and r.
25
Let d = -53 + 35. Let a = 22 - 2. Let s = a + d. Calculate the greatest common factor of s and 4.
2
Let f = -364 - -400. Let i(l) = -l. Let z be i(-4). Calculate the greatest common divisor of f and z.
4
Let g(m) = 3*m - 6. Let q(x) = -2*x. Let i be q(-4). Let p be g(i). What is the highest common divisor of 6 and p?
6
Suppose -518 = 4*x + 2*a, 3*a - a - 132 = x. Let r be (36/45)/((-4)/x). Calculate the highest common divisor of 52 and r.
26
Let a = -12 + 14. Suppose 5 + 5 = a*k. Let m be 2/k + 98/5. Calculate the greatest common divisor of 140 and m.
20
Let j(w) = w**2 + 2*w + 4. Let q be j(-2). Let d be q + (4 - 3) - -34. Calculate the highest common factor of 26 and d.
13
Suppose -10*m + 20*m = 1080. What is the highest common factor of 8 and m?
4
Let l = -58 - -69. Calculate the highest common factor of l and 594.
11
Let g(c) = 113*c + 15. Let y be g(1). Calculate the greatest common factor of 4 and y.
4
Suppose -3*k + 29 = 8. Suppose -2*j + k*j = -10. Let i be (-1)/(0 - j/(-26)). What is the highest common factor of i and 52?
13
Let c be (-5)/(-2)*(-12)/15. Let y be c/8 - (-4041)/36. Let p be (-2 + 9)/(3/6). Calculate the greatest common factor of y and p.
14
Let y be (138/21 - -2)*84. Calculate the greatest common divisor of 30 and y.
30
Let c(v) = v**3 + 11*v**2 + 9*v - 5. Let a be c(-9). Let g be (9/6)/((-9)/(-156)). Let q = -7 + g. Calculate the highest common divisor of q and a.
19
Let k be -25*((-5)/(-5))/(-6 + 1). Suppose 2*b - 15 = -b, 5*w = b + 85. Let g = -3 + w. Calculate the greatest common divisor of k and g.
5
Let a = 901 - 546. Calculate the greatest common factor of 71 and a.
71
Let q = 636 - 619. Let r = 112 - -24. What is the greatest common divisor of q and r?
17
Let q = -724 + 796. What is the highest common factor of 96 and q?
24
Let w be 1*(-4 - -5 - 2)*0. Suppose w = 65*y - 63*y - 186. What is the greatest common factor of 31 and y?
31
Let n(w) = w + 37. Let p be n(-11). Let b(m) = -m**3 + m**2 + 8*m + 4. Let k be b(-6). What is the highest common factor of k and p?
26
Suppose -4*o - 1 = -9, -3*o + 78 = 2*a. Suppose 5*j - 53 = -2*h + h, 0 = -j + 1. What is the highest common factor of h and a?
12
Suppose 0 = -0*z - z + 4*g - 105, 3*g + 382 = -4*z. Let q = 68 - z. Let m = -722 + 737. What is the highest common divisor of q and m?
15
Let m(b) = -b**3 + 9*b**2 - 12*b + 10. Let r be m(7). Calculate the highest common divisor of 144 and r.
24
Suppose 0 = 2*q - 21 - 21. Let d be (q/2)/((-9)/(-156)). Let j(s) = 2*s**2 + 11*s + 31. Let p be j(-5). Calculate the highest common factor of d and p.
26
Suppose 1428 = 3*c + 3*m, 4*c - 2083 = 3*m - 186. What is the highest common divisor of c and 25?
25
Let d(w) = -w**3 + 11*w**2 - 10*w + 4. Let m be d(7). What is the highest common divisor of 26 and m?
26
Let q be 2/2 - (-37 - 1). Let f be -2*q/12*-2. What is the highest common factor of f and 65?
13
Let r be (-970)/(-35) + (-6)/(-21). What is the greatest common divisor of 56 and r?
28
Let s be -8 - (-2 + (-3)/(-3)). Let m be s/((-63)/(-78))*-18. Suppose 3*x - 112 = 2*u, 2*x - m = -2*x + 4*u. Calculate the highest common divisor of 85 and x.
17
Let r = 350 + -250. What is the greatest common factor of r and 260?
20
Let g(z) = z + 13. Let y be g(-11). Let x = -13 - -17. What is the highest common divisor of x and y?
2
Let s(r) be the second derivative of -r**3 + 2*r**2 - 16*r. Let l be s(-1). Let k = 132 + -82. Calculate the greatest common divisor of l and k.
10
Suppose 5*h - 26 = 7*h. Let z = h - -18. Suppose z*g - g - 16 = 0, -b - 1 = -4*g. What is the greatest common factor of b and 135?
15
Suppose 2*a + a = 3*j + 24, 0 = -5*a - j + 28. Suppose -168 = -2*w - a. Let m(i) = 2*i + 3. Let y be m(3). Calculate the highest common factor of w and y.
9
Suppose -70 + 168 = 2*q. Calculate 